ctors of 60518.
2, 30259
List the prime factors of 21156.
2, 3, 41, 43
What are the prime factors of 669?
3, 223
List the prime factors of 3861.
3, 11, 13
List the prime factors of 1175.
5, 47
What are the prime factors of 1338?
2, 3, 223
What are the prime factors of 50126?
2, 71, 353
What are the prime factors of 13994?
2, 6997
List the prime factors of 676.
2, 13
What are the prime factors of 109346?
2, 54673
What are the prime factors of 23588?
2, 5897
List the prime factors of 3145.
5, 17, 37
What are the prime factors of 5240?
2, 5, 131
List the prime factors of 3062.
2, 1531
List the prime factors of 69192.
2, 3, 31
What are the prime factors of 1143?
3, 127
What are the prime factors of 5502?
2, 3, 7, 131
What are the prime factors of 44324?
2, 7, 1583
List the prime factors of 3882.
2, 3, 647
List the prime factors of 2513.
7, 359
What are the prime factors of 20450?
2, 5, 409
What are the prime factors of 1607?
1607
What are the prime factors of 542?
2, 271
What are the prime factors of 5130?
2, 3, 5, 19
List the prime factors of 15389.
11, 1399
List the prime factors of 477.
3, 53
What are the prime factors of 3708?
2, 3, 103
List the prime factors of 5802.
2, 3, 967
List the prime factors of 788.
2, 197
List the prime factors of 306.
2, 3, 17
List the prime factors of 3686.
2, 19, 97
List the prime factors of 1557.
3, 173
What are the prime factors of 9050?
2, 5, 181
List the prime factors of 2890.
2, 5, 17
List the prime factors of 4085.
5, 19, 43
List the prime factors of 1708.
2, 7, 61
List the prime factors of 21228.
2, 3, 29, 61
What are the prime factors of 49158?
2, 3, 2731
List the prime factors of 15418.
2, 13, 593
List the prime factors of 819.
3, 7, 13
What are the prime factors of 1694?
2, 7, 11
List the prime factors of 22871.
22871
List the prime factors of 2596.
2, 11, 59
List the prime factors of 372.
2, 3, 31
What are the prime factors of 1321?
1321
What are the prime factors of 2180?
2, 5, 109
List the prime factors of 8291.
8291
List the prime factors of 1141.
7, 163
List the prime factors of 8480.
2, 5, 53
List the prime factors of 2846.
2, 1423
List the prime factors of 1324.
2, 331
List the prime factors of 1101.
3, 367
List the prime factors of 3909.
3, 1303
What are the prime factors of 5090?
2, 5, 509
What are the prime factors of 1377?
3, 17
What are the prime factors of 9696?
2, 3, 101
What are the prime factors of 4370?
2, 5, 19, 23
List the prime factors of 1026.
2, 3, 19
What are the prime factors of 26956?
2, 23, 293
List the prime factors of 2232.
2, 3, 31
List the prime factors of 28536.
2, 3, 29, 41
List the prime factors of 61639.
53, 1163
List the prime factors of 999.
3, 37
List the prime factors of 61721.
11, 31, 181
What are the prime factors of 53279?
53279
List the prime factors of 12471.
3, 4157
List the prime factors of 97021.
97021
What are the prime factors of 711?
3, 79
What are the prime factors of 1890?
2, 3, 5, 7
What are the prime factors of 7935?
3, 5, 23
What are the prime factors of 2324?
2, 7, 83
List the prime factors of 9562.
2, 7, 683
List the prime factors of 12398.
2, 6199
What are the prime factors of 2756?
2, 13, 53
What are the prime factors of 2090?
2, 5, 11, 19
List the prime factors of 1085.
5, 7, 31
What are the prime factors of 1975?
5, 79
List the prime factors of 5588.
2, 11, 127
List the prime factors of 15622.
2, 73, 107
What are the prime factors of 2218?
2, 1109
What are the prime factors of 1092?
2, 3, 7, 13
List the prime factors of 48046.
2, 24023
What are the prime factors of 794?
2, 397
What are the prime factors of 66625?
5, 13, 41
What are the prime factors of 2466?
2, 3, 137
List the prime factors of 3082.
2, 23, 67
List the prime factors of 20393.
20393
What are the prime factors of 1561?
7, 223
List the prime factors of 1664.
2, 13
List the prime factors of 3681.
3, 409
What are the prime factors of 12403?
79, 157
List the prime factors of 2904.
2, 3, 11
What are the prime factors of 8113?
7, 19, 61
List the prime factors of 3061.
3061
What are the prime factors of 662?
2, 331
What are the prime factors of 23757?
3, 7919
What are the prime factors of 35852?
2, 8963
List the prime factors of 7447.
11, 677
List the prime factors of 2979.
3, 331
List the prime factors of 5951.
11, 541
What are the prime factors of 27383?
139, 197
List the prime factors of 20501.
13, 19, 83
What are the prime factors of 6305?
5, 13, 97
What are the prime factors of 4266?
2, 3, 79
List the prime factors of 491.
491
What are the prime factors of 280?
2, 5, 7
List the prime factors of 56685.
3, 5, 3779
What are the prime factors of 1596?
2, 3, 7, 19
List the prime factors of 828.
2, 3, 23
List the prime factors of 82.
2, 41
List the prime factors of 86969.
86969
What are the prime factors of 983?
983
What are the prime factors of 40043?
23, 1741
What are the prime factors of 7491?
3, 11, 227
List the prime factors of 116517.
3, 38839
What are the prime factors of 1845?
3, 5, 41
List the prime factors of 16250.
2, 5, 13
What are the prime factors of 96976?
2, 11, 19, 29
What are the prime factors of 99956?
2, 24989
List the prime factors of 865.
5, 173
List the prime factors of 30530.
2, 5, 43, 71
What are the prime factors of 7201?
19, 379
List the prime factors of 5191.
29, 179
List the prime factors of 7898.
2, 11, 359
List the prime factors of 2429.
7, 347
What are the prime factors of 24284?
2, 13, 467
What are the prime factors of 3536?
2, 13, 17
What are the prime factors of 922?
2, 461
List the prime factors of 2621.
2621
What are the prime factors of 80911?
80911
List the prime factors of 751.
751
List the prime factors of 1093.
1093
What are the prime factors of 16865?
5, 3373
What are the prime factors of 2364?
2, 3, 197
What are the prime factors of 1834?
2, 7, 131
List the prime factors of 3329.
3329
List the prime factors of 172111.
109, 1579
What are the prime factors of 464?
2, 29
What are the prime factors of 560?
2, 5, 7
What are the prime factors of 6663?
3, 2221
What are the prime factors of 7866?
2, 3, 19, 23
List the prime factors of 43728.
2, 3, 911
What are the prime factors of 164859?
3, 179, 307
What are the prime factors of 47401?
107, 443
What are the prime factors of 4751?
4751
What are the prime factors of 1460?
2, 5, 73
List the prime factors of 16427.
16427
List the prime factors of 3989.
3989
List the prime factors of 96231.
3, 32077
List the prime factors of 3927.
3, 7, 11, 17
What are the prime factors of 4171?
43, 97
What are the prime factors of 3564?
2, 3, 11
List the prime factors of 1831.
1831
List the prime factors of 418.
2, 11, 19
What are the prime factors of 33382?
2, 16691
What are the prime factors of 61355?
5, 7, 1753
What are the prime factors of 20662?
2, 10331
List the prime factors of 40104.
2, 3, 557
What are the prime factors of 1121?
19, 59
What are the prime factors of 4811?
17, 283
What are the prime factors of 7580?
2, 5, 379
List the prime factors of 9705.
3, 5, 647
List the prime factors of 16065.
3, 5, 7, 17
What are the prime factors of 4578?
2, 3, 7, 109
What are the prime factors of 870?
2, 3, 5, 29
List the prime factors of 16718.
2, 13, 643
What are the prime factors of 311?
311
What are the prime factors of 1066?
2, 13, 41
What are the prime factors of 51268?
2, 7, 1831
What are the prime factors of 2930?
2, 5, 293
List the prime factors of 55597.
53, 1049
What are the prime factors of 59433?
3, 11, 1801
What are the prime factors of 368?
2, 23
What are the prime factors of 24825?
3, 5, 331
List the prime factors of 3197.
23, 139
What are the prime factors of 150?
2, 3, 5
What are the prime factors of 625?
5
What are the prime factors of 26781?
3, 79, 113
What are the prime factors of 1905?
3, 5, 127
List the prime factors of 2748.
2, 3, 229
List the prime factors of 75671.
31, 2441
List the prime factors of 15529.
53, 293
What are the prime factors of 450?
2, 3, 5
List the prime factors of 163910.
2, 5, 37, 443
What are the prime factors of 3431?
47, 73
What are the prime factors of 4502?
2, 2251
List the prime factors of 52126.
2, 67, 389
List the prime factors of 8497.
29, 293
List the prime factors of 3809.
13, 293
List the prime factors of 13094.
2, 6547
List the prime factors of 48710.
2, 5, 4871
W